[INFO] cloning repository https://github.com/lokulin/toy-robot-rust
[INFO] running `Command { std: "git" "-c" "credential.helper=" "-c" "credential.helper=/workspace/cargo-home/bin/git-credential-null" "clone" "--bare" "https://github.com/lokulin/toy-robot-rust" "/workspace/cache/git-repos/https%3A%2F%2Fgithub.com%2Flokulin%2Ftoy-robot-rust", kill_on_drop: false }`
[INFO] [stderr] Cloning into bare repository '/workspace/cache/git-repos/https%3A%2F%2Fgithub.com%2Flokulin%2Ftoy-robot-rust'...
[INFO] running `Command { std: "git" "rev-parse" "HEAD", kill_on_drop: false }`
[INFO] [stdout] 71579ba017f188cd6221007cf1dd086547535c61
[INFO] checking lokulin/toy-robot-rust against try#72f88fc4e9458f89516a0b8b0868f3718aec5b47 for pr-74989
[INFO] running `Command { std: "git" "clone" "/workspace/cache/git-repos/https%3A%2F%2Fgithub.com%2Flokulin%2Ftoy-robot-rust" "/workspace/builds/worker-13/source", kill_on_drop: false }`
[INFO] [stderr] Cloning into '/workspace/builds/worker-13/source'...
[INFO] [stderr] done.
[INFO] validating manifest of git repo https://github.com/lokulin/toy-robot-rust on toolchain 72f88fc4e9458f89516a0b8b0868f3718aec5b47
[INFO] running `Command { std: "/workspace/cargo-home/bin/cargo" "+72f88fc4e9458f89516a0b8b0868f3718aec5b47" "read-manifest" "--manifest-path" "Cargo.toml", kill_on_drop: false }`
[INFO] started tweaking git repo https://github.com/lokulin/toy-robot-rust
[INFO] finished tweaking git repo https://github.com/lokulin/toy-robot-rust
[INFO] tweaked toml for git repo https://github.com/lokulin/toy-robot-rust written to /workspace/builds/worker-13/source/Cargo.toml
[INFO] crate git repo https://github.com/lokulin/toy-robot-rust already has a lockfile, it will not be regenerated
[INFO] running `Command { std: "/workspace/cargo-home/bin/cargo" "+72f88fc4e9458f89516a0b8b0868f3718aec5b47" "fetch" "--locked" "--manifest-path" "Cargo.toml", kill_on_drop: false }`
[INFO] [stderr] error: the lock file /workspace/builds/worker-13/source/Cargo.lock needs to be updated but --locked was passed to prevent this
[INFO] [stderr] If you want to try to generate the lock file without accessing the network, use the --offline flag.
[INFO] the lockfile is outdated, regenerating it
[INFO] running `Command { std: "/workspace/cargo-home/bin/cargo" "+72f88fc4e9458f89516a0b8b0868f3718aec5b47" "generate-lockfile" "--manifest-path" "Cargo.toml" "-Zno-index-update", kill_on_drop: false }`
[INFO] running `Command { std: "/workspace/cargo-home/bin/cargo" "+72f88fc4e9458f89516a0b8b0868f3718aec5b47" "fetch" "--locked" "--manifest-path" "Cargo.toml", kill_on_drop: false }`
[INFO] running `Command { std: "docker" "create" "-v" "/var/lib/crater-agent-workspace/builds/worker-13/target:/opt/rustwide/target:rw,Z" "-v" "/var/lib/crater-agent-workspace/builds/worker-13/source:/opt/rustwide/workdir:ro,Z" "-v" "/var/lib/crater-agent-workspace/cargo-home:/opt/rustwide/cargo-home:ro,Z" "-v" "/var/lib/crater-agent-workspace/rustup-home:/opt/rustwide/rustup-home:ro,Z" "-e" "SOURCE_DIR=/opt/rustwide/workdir" "-e" "CARGO_TARGET_DIR=/opt/rustwide/target" "-e" "CARGO_HOME=/opt/rustwide/cargo-home" "-e" "RUSTUP_HOME=/opt/rustwide/rustup-home" "-w" "/opt/rustwide/workdir" "-m" "1610612736" "--user" "0:0" "--network" "none" "rustops/crates-build-env@sha256:d92eaeed33fa75130ca1ee6c8a01d1ffb62bac859dfdfb3450e3e5d1c0146529" "/opt/rustwide/cargo-home/bin/cargo" "+72f88fc4e9458f89516a0b8b0868f3718aec5b47" "metadata" "--no-deps" "--format-version=1", kill_on_drop: false }`
[INFO] [stderr] WARNING: Your kernel does not support swap limit capabilities or the cgroup is not mounted. Memory limited without swap.
[INFO] [stdout] ddf05fac90bac7909d421aecb82af3deba9fadc73002cbf2b5f703c81e6b16b3
[INFO] running `Command { std: "docker" "start" "-a" "ddf05fac90bac7909d421aecb82af3deba9fadc73002cbf2b5f703c81e6b16b3", kill_on_drop: false }`
[INFO] running `Command { std: "docker" "inspect" "ddf05fac90bac7909d421aecb82af3deba9fadc73002cbf2b5f703c81e6b16b3", kill_on_drop: false }`
[INFO] running `Command { std: "docker" "rm" "-f" "ddf05fac90bac7909d421aecb82af3deba9fadc73002cbf2b5f703c81e6b16b3", kill_on_drop: false }`
[INFO] [stdout] ddf05fac90bac7909d421aecb82af3deba9fadc73002cbf2b5f703c81e6b16b3
[INFO] running `Command { std: "docker" "create" "-v" "/var/lib/crater-agent-workspace/builds/worker-13/target:/opt/rustwide/target:rw,Z" "-v" "/var/lib/crater-agent-workspace/builds/worker-13/source:/opt/rustwide/workdir:ro,Z" "-v" "/var/lib/crater-agent-workspace/cargo-home:/opt/rustwide/cargo-home:ro,Z" "-v" "/var/lib/crater-agent-workspace/rustup-home:/opt/rustwide/rustup-home:ro,Z" "-e" "SOURCE_DIR=/opt/rustwide/workdir" "-e" "CARGO_TARGET_DIR=/opt/rustwide/target" "-e" "CARGO_INCREMENTAL=0" "-e" "RUST_BACKTRACE=full" "-e" "RUSTFLAGS=--cap-lints=forbid" "-e" "CARGO_HOME=/opt/rustwide/cargo-home" "-e" "RUSTUP_HOME=/opt/rustwide/rustup-home" "-w" "/opt/rustwide/workdir" "-m" "1610612736" "--user" "0:0" "--network" "none" "rustops/crates-build-env@sha256:d92eaeed33fa75130ca1ee6c8a01d1ffb62bac859dfdfb3450e3e5d1c0146529" "/opt/rustwide/cargo-home/bin/cargo" "+72f88fc4e9458f89516a0b8b0868f3718aec5b47" "check" "--frozen" "--all" "--all-targets" "--message-format=json", kill_on_drop: false }`
[INFO] [stdout] f4739184df9d4d5dff8dd3ad0f8492aad0af95a8e6909629fb30aa4ddb4639d4
[INFO] [stderr] WARNING: Your kernel does not support swap limit capabilities or the cgroup is not mounted. Memory limited without swap.
[INFO] running `Command { std: "docker" "start" "-a" "f4739184df9d4d5dff8dd3ad0f8492aad0af95a8e6909629fb30aa4ddb4639d4", kill_on_drop: false }`
[INFO] [stderr]    Compiling libc v0.2.77
[INFO] [stderr]     Checking regex-syntax v0.3.9
[INFO] [stderr]     Checking utf8-ranges v0.1.3
[INFO] [stderr]     Checking thread-id v2.0.0
[INFO] [stderr]     Checking memchr v0.1.11
[INFO] [stderr]     Checking thread_local v0.2.7
[INFO] [stderr]     Checking aho-corasick v0.5.3
[INFO] [stderr]     Checking regex v0.1.80
[INFO] [stderr]     Checking toyrobot v0.0.1 (/opt/rustwide/workdir)
[INFO] [stdout] error[E0277]: the trait bound `point::Point: Clone` is not satisfied
[INFO] [stdout]    --> src/toyrobot/point.rs:1:10
[INFO] [stdout]     |
[INFO] [stdout] 1   | #[derive(Copy)]
[INFO] [stdout]     |          ^^^^ the trait `Clone` is not implemented for `point::Point`
[INFO] [stdout]     |
[INFO] [stdout]     = note: this error originates in a derive macro (in Nightly builds, run with -Z macro-backtrace for more info)
[INFO] [stdout] 
[INFO] [stdout] 
[INFO] [stdout] error[E0277]: the trait bound `table::Table: Clone` is not satisfied
[INFO] [stdout]    --> src/toyrobot/table.rs:3:10
[INFO] [stdout]     |
[INFO] [stdout] 3   | #[derive(Copy)]
[INFO] [stdout]     |          ^^^^ the trait `Clone` is not implemented for `table::Table`
[INFO] [stdout]     |
[INFO] [stdout]     = note: this error originates in a derive macro (in Nightly builds, run with -Z macro-backtrace for more info)
[INFO] [stdout] 
[INFO] [stdout] 
[INFO] [stdout] error[E0277]: the trait bound `robot::Robot: Clone` is not satisfied
[INFO] [stdout]    --> src/toyrobot/robot.rs:6:10
[INFO] [stdout]     |
[INFO] [stdout] 6   | #[derive(Copy)]
[INFO] [stdout]     |          ^^^^ the trait `Clone` is not implemented for `robot::Robot`
[INFO] [stdout]     |
[INFO] [stdout]     = note: this error originates in a derive macro (in Nightly builds, run with -Z macro-backtrace for more info)
[INFO] [stdout] 
[INFO] [stdout] 
[INFO] [stdout] error: aborting due to 3 previous errors
[INFO] [stdout] 
[INFO] [stdout] 
[INFO] [stdout] For more information about this error, try `rustc --explain E0277`.
[INFO] [stdout] 
[INFO] [stderr] error: could not compile `toyrobot`.
[INFO] [stderr] 
[INFO] [stderr] To learn more, run the command again with --verbose.
[INFO] [stderr] warning: build failed, waiting for other jobs to finish...
[INFO] [stdout] error[E0277]: the trait bound `point::Point: Clone` is not satisfied
[INFO] [stdout]    --> src/toyrobot/point.rs:1:10
[INFO] [stdout]     |
[INFO] [stdout] 1   | #[derive(Copy)]
[INFO] [stdout]     |          ^^^^ the trait `Clone` is not implemented for `point::Point`
[INFO] [stdout]     |
[INFO] [stdout]     = note: this error originates in a derive macro (in Nightly builds, run with -Z macro-backtrace for more info)
[INFO] [stdout] 
[INFO] [stdout] 
[INFO] [stdout] error[E0277]: the trait bound `table::Table: Clone` is not satisfied
[INFO] [stdout]    --> src/toyrobot/table.rs:3:10
[INFO] [stdout]     |
[INFO] [stdout] 3   | #[derive(Copy)]
[INFO] [stdout]     |          ^^^^ the trait `Clone` is not implemented for `table::Table`
[INFO] [stdout]     |
[INFO] [stdout]     = note: this error originates in a derive macro (in Nightly builds, run with -Z macro-backtrace for more info)
[INFO] [stdout] 
[INFO] [stdout] 
[INFO] [stdout] error[E0277]: the trait bound `robot::Robot: Clone` is not satisfied
[INFO] [stdout]    --> src/toyrobot/robot.rs:6:10
[INFO] [stdout]     |
[INFO] [stdout] 6   | #[derive(Copy)]
[INFO] [stdout]     |          ^^^^ the trait `Clone` is not implemented for `robot::Robot`
[INFO] [stdout]     |
[INFO] [stdout]     = note: this error originates in a derive macro (in Nightly builds, run with -Z macro-backtrace for more info)
[INFO] [stdout] 
[INFO] [stdout] 
[INFO] [stdout] error: aborting due to 3 previous errors
[INFO] [stdout] 
[INFO] [stdout] 
[INFO] [stdout] For more information about this error, try `rustc --explain E0277`.
[INFO] [stdout] 
[INFO] [stderr] error: build failed
[INFO] running `Command { std: "docker" "inspect" "f4739184df9d4d5dff8dd3ad0f8492aad0af95a8e6909629fb30aa4ddb4639d4", kill_on_drop: false }`
[INFO] running `Command { std: "docker" "rm" "-f" "f4739184df9d4d5dff8dd3ad0f8492aad0af95a8e6909629fb30aa4ddb4639d4", kill_on_drop: false }`
[INFO] [stdout] f4739184df9d4d5dff8dd3ad0f8492aad0af95a8e6909629fb30aa4ddb4639d4
